{"id":472,"date":"2024-01-22T08:39:20","date_gmt":"2024-01-22T07:39:20","guid":{"rendered":"https:\/\/wegrow.piw.gov.pl\/?page_id=472"},"modified":"2024-02-24T20:43:07","modified_gmt":"2024-02-24T19:43:07","slug":"rzekomy-pomiar-drobiu","status":"publish","type":"page","link":"https:\/\/wegrow.piw.gov.pl\/index.php\/rzekomy-pomiar-drobiu\/","title":{"rendered":"Rzekomy pom\u00f3r drobiu"},"content":{"rendered":"<h1>\n<h3>Rzekomy pom\u00f3r drobiu<\/h3>\n<\/h1>\n<div>\n<p style=\"text-align: justify;\">Rzekomy pom\u00f3r drobiu jest wywo\u0142ywany przez patogenne szczepy ortoawulawirus\u00f3w typu 1 (AOAV-1), do niedawna okre\u015blanych jako paramyksowirusy ptak\u00f3w serotypu 1 (APMV1) i podlega obowi\u0105zkowi zwalczania.<br \/>Rzekomy pom\u00f3r drobiu powoduje znaczne straty ekonomiczne, charakteryzuje si\u0119 wysok\u0105 \u015bmiertelno\u015bci\u0105( do 100%), zmniejszon\u0105 produkcyjno\u015b\u0107 (zw\u0142aszcza u niosek)<br \/>Jest przyczyn\u0105 ogranicze\u0144 wynikaj\u0105cych ze wstrzymania obrotu w tym eksportu drobiu, jaj, mi\u0119sa drobiowego i innych produkt\u00f3w drobiarskich.<br \/>Wyr\u00f3\u017cniamy 5 patotyp\u00f3w na podstawie przebiegu klinicznego u kur ( o r\u00f3\u017cnej zjadliwo\u015bci ): welogeniczne wiscerotropowe ,welogeniczne neurotropowe , mezogeniczne , lentogeniczne , asymptomatyczne.<br \/>Wra\u017cliwe na zaka\u017cenie s\u0105 wszystkie gatunki drobiu (dr\u00f3b grzebi\u0105cy znacznie bardziej ni\u017c dr\u00f3b wodny) i liczne gatunki ptak\u00f3w dzikich.<br \/>Przebieg, objawy, \u015bmiertelno\u015b\u0107 i zmiany patologiczne zale\u017cne s\u0105 od: zjadliwo\u015bci wirusa ,gatunku i wieku ptak\u00f3w (najbardziej wra\u017cliwy dr\u00f3b grzebi\u0105cy oraz ptaki m\u0142ode), stanu odporno\u015bci (immunosupresja) , zaka\u017ce\u0144 towarzysz\u0105cych ,stresu \u015brodowiskowego.<br \/>Najcz\u0119\u015bciej spotykane objawy kliniczne u drobiu przy zaka\u017ceniach szczepami welogenicznymi: nag\u0142a \u015bmier\u0107 w ci\u0105gu 24-48 godzin (og\u00f3\u0142em \u015bmiertelno\u015b\u0107 si\u0119ga kilkadziesi\u0105t do 100%) ,objawy nerwowe: skr\u0119ty szyi, parali\u017ce, drgawki, zarzucanie g\u0142owy , obrz\u0119ki g\u0142owy, szczeg\u00f3lnie w okolicach oczu , zaburzenia ze strony uk\u0142adu oddechowego: wyp\u0142yw z nosa, kichanie, potrz\u0105sanie g\u0142ow\u0105 , biegunka , spadek nie\u015bno\u015bci u niosek .<br \/>Wa\u017cna jest immunoprofilaktyka choroby. Na rzekomy pom\u00f3r drobiu mamy szczepionki \u017cywe, inaktywowane i nowej generacji \u2013 rekombinowane.<br \/>Powiatowy Lekarz Weterynarii w W\u0119growie zach\u0119ca do \u015bledzenia aktualnych informacji odno\u015bnie Choroby Newcastle na stronie G\u0142\u00f3wnego Lekarza Weterynarii<\/p>\n<\/div>\n<table>\n<tbody>\n<tr>\n<td>Link do szczeg\u00f3\u0142owych informacji na terenie Polski<\/td>\n<td>\n        <a href=\"https:\/\/www.wetgiw.gov.pl\/nadzor-weterynaryjny\/rzekomy-pomor-drobiu-nd\">Kliknij w link<\/a>\n    <\/td>\n<\/tr>\n<\/tbody>\n<\/table>\n<div>\n<h5>Aktualna mapa<\/h5>\n<\/div>\n<div>\n<p>    <img decoding=\"async\" src=\"\/wp-content\/uploads\/2024\/02\/mapa_rzekomy_pomor_drobiu.png\" alt=\"\"><\/p>\n<p><a href=\"https:\/\/bip.wetgiw.gov.pl\/nd\/mapa\/\">Kliknij w map\u0119<\/a><\/p>\n<\/div>\n<p><!--more--><br \/>\n<!-- {\"type\":\"layout\",\"children\":[{\"type\":\"section\",\"props\":{\"image_position\":\"center-center\",\"style\":\"default\",\"title_breakpoint\":\"xl\",\"title_position\":\"top-left\",\"title_rotation\":\"left\",\"vertical_align\":\"middle\",\"width\":\"default\"},\"children\":[{\"type\":\"row\",\"children\":[{\"type\":\"column\",\"props\":{\"image_position\":\"center-center\",\"position_sticky_breakpoint\":\"m\"},\"children\":[{\"type\":\"headline\",\"props\":{\"content\":\"\n\n<h3>Rzekomy pom\\u00f3r drobiu<\\\/h3>\",\"text_align\":\"center\",\"title_decoration\":\"line\",\"title_element\":\"h1\"}},{\"type\":\"text\",\"props\":{\"column_breakpoint\":\"m\",\"content\":\"\n\n<p style=\\\"text-align: justify;\\\">Rzekomy pom\\u00f3r drobiu jest wywo\\u0142ywany przez patogenne szczepy ortoawulawirus\\u00f3w typu 1 (AOAV-1), do niedawna okre\\u015blanych jako paramyksowirusy ptak\\u00f3w serotypu 1 (APMV1) i podlega obowi\\u0105zkowi zwalczania.<br \\\/>Rzekomy pom\\u00f3r drobiu powoduje znaczne straty ekonomiczne, charakteryzuje si\\u0119 wysok\\u0105 \\u015bmiertelno\\u015bci\\u0105( do 100%), zmniejszon\\u0105 produkcyjno\\u015b\\u0107 (zw\\u0142aszcza u niosek)<br \\\/>Jest przyczyn\\u0105 ogranicze\\u0144 wynikaj\\u0105cych ze wstrzymania obrotu w tym eksportu drobiu, jaj, mi\\u0119sa drobiowego i innych produkt\\u00f3w drobiarskich.<br \\\/>Wyr\\u00f3\\u017cniamy 5 patotyp\\u00f3w na podstawie przebiegu klinicznego u kur ( o r\\u00f3\\u017cnej zjadliwo\\u015bci ): welogeniczne wiscerotropowe ,welogeniczne neurotropowe , mezogeniczne , lentogeniczne , asymptomatyczne.<br \\\/>Wra\\u017cliwe na zaka\\u017cenie s\\u0105 wszystkie gatunki drobiu (dr\\u00f3b grzebi\\u0105cy znacznie bardziej ni\\u017c dr\\u00f3b wodny) i liczne gatunki ptak\\u00f3w dzikich.<br \\\/>Przebieg, objawy, \\u015bmiertelno\\u015b\\u0107 i zmiany patologiczne zale\\u017cne s\\u0105 od: zjadliwo\\u015bci wirusa ,gatunku i wieku ptak\\u00f3w (najbardziej wra\\u017cliwy dr\\u00f3b grzebi\\u0105cy oraz ptaki m\\u0142ode), stanu odporno\\u015bci (immunosupresja) , zaka\\u017ce\\u0144 towarzysz\\u0105cych ,stresu \\u015brodowiskowego.<br \\\/>Najcz\\u0119\\u015bciej spotykane objawy kliniczne u drobiu przy zaka\\u017ceniach szczepami welogenicznymi: nag\\u0142a \\u015bmier\\u0107 w ci\\u0105gu 24-48 godzin (og\\u00f3\\u0142em \\u015bmiertelno\\u015b\\u0107 si\\u0119ga kilkadziesi\\u0105t do 100%) ,objawy nerwowe: skr\\u0119ty szyi, parali\\u017ce, drgawki, zarzucanie g\\u0142owy , obrz\\u0119ki g\\u0142owy, szczeg\\u00f3lnie w okolicach oczu , zaburzenia ze strony uk\\u0142adu oddechowego: wyp\\u0142yw z nosa, kichanie, potrz\\u0105sanie g\\u0142ow\\u0105 , biegunka , spadek nie\\u015bno\\u015bci u niosek .<br \\\/>Wa\\u017cna jest immunoprofilaktyka choroby. Na rzekomy pom\\u00f3r drobiu mamy szczepionki \\u017cywe, inaktywowane i nowej generacji \\u2013 rekombinowane.<br \\\/>Powiatowy Lekarz Weterynarii w W\\u0119growie zach\\u0119ca do \\u015bledzenia aktualnych informacji odno\\u015bnie Choroby Newcastle na stronie G\\u0142\\u00f3wnego Lekarza Weterynarii<\\\/p>\",\"margin\":\"default\"}},{\"name\":\"Lista dokument\\u00f3w\",\"type\":\"table\",\"children\":[{\"type\":\"table_item\",\"props\":{\"content\":\"\",\"link\":\"https:\\\/\\\/www.wetgiw.gov.pl\\\/nadzor-weterynaryjny\\\/rzekomy-pomor-drobiu-nd\",\"meta\":\"\",\"title\":\"Link do szczeg\\u00f3\\u0142owych informacji na terenie Polski\"}}],\"props\":{\"image_svg_color\":\"emphasis\",\"link_fullwidth\":true,\"link_style\":\"secondary\",\"link_target\":true,\"link_text\":\"Kliknij w link\",\"margin_remove_top\":false,\"meta_style\":\"\",\"show_content\":false,\"show_image\":true,\"show_link\":true,\"show_meta\":false,\"show_title\":true,\"table_hover\":false,\"table_justify\":true,\"table_last_align\":\"right\",\"table_order\":\"1\",\"table_responsive\":\"responsive\",\"table_size\":\"large\",\"table_style\":\"divider\",\"table_vertical_align\":false,\"table_width_content\":\"medium\",\"table_width_meta\":\"small\",\"table_width_title\":\"medium\",\"text_align\":\"left\",\"text_align_breakpoint\":\"m\",\"text_align_fallback\":\"center\",\"title_style\":\"h4\"}},{\"type\":\"text\",\"props\":{\"column_breakpoint\":\"m\",\"content\":\"\n\n<h5>Aktualna mapa<\\\/h5>\",\"margin\":\"default\"}},{\"type\":\"gallery\",\"props\":{\"filter_align\":\"left\",\"filter_all\":true,\"filter_grid_breakpoint\":\"m\",\"filter_grid_width\":\"auto\",\"filter_position\":\"top\",\"filter_style\":\"tab\",\"grid_default\":\"1\",\"grid_large\":\"1\",\"grid_medium\":\"1\",\"grid_small\":\"1\",\"grid_xlarge\":\"1\",\"item_animation\":true,\"link_style\":\"default\",\"link_target\":true,\"link_text\":\"Kliknij w map\\u0119\",\"margin\":\"default\",\"meta_align\":\"below-title\",\"meta_element\":\"div\",\"meta_style\":\"text-meta\",\"overlay_hover\":true,\"overlay_mode\":\"cover\",\"overlay_position\":\"center\",\"overlay_style\":\"overlay-primary\",\"overlay_transition\":\"fade\",\"show_content\":true,\"show_hover_image\":true,\"show_link\":true,\"show_meta\":true,\"show_title\":true,\"text_align\":\"center\",\"text_color\":\"light\",\"title_element\":\"h3\",\"title_hover_style\":\"reset\"},\"children\":[{\"type\":\"gallery_item\",\"props\":{\"content\":\"\",\"image\":\"wp-content\\\/uploads\\\/2024\\\/02\\\/mapa_rzekomy_pomor_drobiu.png\",\"link\":\"https:\\\/\\\/bip.wetgiw.gov.pl\\\/nd\\\/mapa\\\/\",\"title\":\"\"}}]}]}]}]}],\"version\":\"4.3.4\"} --><\/p>\n","protected":false},"excerpt":{"rendered":"<p>Rzekomy pom\u00f3r drobiu Rzekomy pom\u00f3r drobiu jest wywo\u0142ywany przez patogenne szczepy ortoawulawirus\u00f3w typu 1 (AOAV-1), do niedawna okre\u015blanych jako paramyksowirusy ptak\u00f3w serotypu 1 (APMV1) i podlega obowi\u0105zkowi zwalczania.Rzekomy pom\u00f3r drobiu powoduje znaczne straty ekonomiczne, charakteryzuje si\u0119 wysok\u0105 \u015bmiertelno\u015bci\u0105( do 100%), zmniejszon\u0105 produkcyjno\u015b\u0107 (zw\u0142aszcza u niosek)Jest przyczyn\u0105 ogranicze\u0144 wynikaj\u0105cych ze wstrzymania obrotu w tym eksportu drobiu, [&hellip;]<\/p>\n","protected":false},"author":1,"featured_media":0,"parent":0,"menu_order":0,"comment_status":"closed","ping_status":"closed","template":"","meta":{"footnotes":""},"class_list":["post-472","page","type-page","status-publish","hentry"],"_links":{"self":[{"href":"https:\/\/wegrow.piw.gov.pl\/index.php\/wp-json\/wp\/v2\/pages\/472","targetHints":{"allow":["GET"]}}],"collection":[{"href":"https:\/\/wegrow.piw.gov.pl\/index.php\/wp-json\/wp\/v2\/pages"}],"about":[{"href":"https:\/\/wegrow.piw.gov.pl\/index.php\/wp-json\/wp\/v2\/types\/page"}],"author":[{"embeddable":true,"href":"https:\/\/wegrow.piw.gov.pl\/index.php\/wp-json\/wp\/v2\/users\/1"}],"replies":[{"embeddable":true,"href":"https:\/\/wegrow.piw.gov.pl\/index.php\/wp-json\/wp\/v2\/comments?post=472"}],"version-history":[{"count":26,"href":"https:\/\/wegrow.piw.gov.pl\/index.php\/wp-json\/wp\/v2\/pages\/472\/revisions"}],"predecessor-version":[{"id":982,"href":"https:\/\/wegrow.piw.gov.pl\/index.php\/wp-json\/wp\/v2\/pages\/472\/revisions\/982"}],"wp:attachment":[{"href":"https:\/\/wegrow.piw.gov.pl\/index.php\/wp-json\/wp\/v2\/media?parent=472"}],"curies":[{"name":"wp","href":"https:\/\/api.w.org\/{rel}","templated":true}]}}